der when u is divided by o?
34
Suppose -52*s = -2381 + 565 - 4788. Calculate the remainder when s is divided by 33.
28
Suppose -179*f - 21 = 181*f - 367*f. Calculate the remainder when 395 is divided by f.
2
Let l = -89 + 383. Suppose -10*v = -12*v + l. What is the remainder when v is divided by 25?
22
Suppose -581 = -21*q + 805. Suppose 39*l - 37*l - q = 0. What is the remainder when l is divided by 7?
5
Let k = 1688 + -1456. Calculate the remainder when k is divided by 165.
67
Let p(y) = -186*y - 45. Let n be p(-5). Suppose -n + 255 = -7*c. What is the remainder when c is divided by 13?
12
Suppose -69*u = -70*u + 1. What is the remainder when u/((-112)/(-252) - (-523)/(-1197)) is divided by 67?
66
Let b = 151 - 171. Calculate the remainder when 5 is divided by (-176)/(-40) + (-12)/b.
0
Let y = -7400 + 8131. What is the remainder when y is divided by 5?
1
Suppose 6*s - 29 + 11 = 0. What is the remainder when -3 + 114 - (s - 4) is divided by 25?
12
Let y(r) = -r**3 - 9*r**2 + 8*r + 16. Suppose 0 = -6*l + 3*l - 33. Let f be y(l). Let d = f - 77. Calculate the remainder when d is divided by 25.
18
Let v be -1 + (-9 - -1) + 3. Let x(c) = c**2 - 20*c - 133. What is the remainder when 133 is divided by x(v)?
18
Let c(p) = 538*p + 3278. What is the remainder when 484 is divided by c(-6)?
34
What is the remainder when 1/5 + 42896/70 is divided by 103?
98
Suppose -95*k + 2388 = 23*k - 3748. Let g be (20/12)/((-1)/(-6)). Let w = g - 1. Calculate the remainder when k is divided by w.
7
Calculate the remainder when (23 + (-721)/35)*(1 - -219) is divided by 89.
83
Suppose -4*c - 28*d = -24*d - 36, 25 = 5*d. Calculate the remainder when 47 is divided by 1/c - 2193/(-172).
8
Calculate the remainder when 40/15 + (-790587)/(-81) is divided by 105.
103
Suppose 2*g - 1 = -t + 1, 17 = t + 5*g. What is the remainder when t/(-16) - 97/(-2) is divided by 27?
22
Let y(u) = -5*u + 112. Suppose 9*v + 614 = 758. Calculate the remainder when y(v) is divided by 10.
2
Let y = 2589 - 2280. Calculate the remainder when y is divided by 31.
30
Let f(a) = -a**3 + a**2 + 3*a + 5. Let l be f(0). Suppose 6*x - 9 = l*x. Calculate the remainder when 3/(-3) - (0 - 54) is divided by x.
8
Let m(t) = t**3 - 7*t**2 + 18*t - 33. Let d be m(6). Let r be (-1)/2*-82*-1. Let c = d - r. What is the remainder when c is divided by 22?
14
Suppose 5*u - 2*x + 335 = 0, 75 = -u + 2*x - 0*x. Let w = 89 - u. Let l(j) = 42*j - 87. Calculate the remainder when w is divided by l(3).
37
Suppose 2*u - 4*z - 34 = 0, 4*u + 2*z = 16 + 72. Suppose -4*i + u = -23. Suppose 0 = n - 23 - i. What is the remainder when n is divided by 7?
6
What is the remainder when 443 is divided by (66/(-77))/((-9)/651)?
9
Suppose 121 - 106 = 5*u. Suppose -198 = 2*g - 5*g + 5*q, 0 = -u*g + 4*q + 195. Suppose -30 - g = -j. Calculate the remainder when j is divided by 19.
15
Let t(i) = -25*i - 315. Calculate the remainder when (19/2)/((-1)/(-2)) is divided by t(-13).
9
Suppose -4134*i + 846 = -4120*i + 272. Calculate the remainder when 1871 is divided by i.
26
Suppose -5 = -3*y + 7. Suppose -2*h = -5*x + 650, -x - y = -3*x. Let n = h + 592. Calculate the remainder when n is divided by 55.
52
Suppose 0 = 95*v - 143*v + 13536. Calculate the remainder when 1141 is divided by v.
13
Let v = -2962 - -4578. What is the remainder when v is divided by 36?
32
Let c(w) = -w**2 - w. Let o be c(0). Let a be o*(4/(-6) + 5/30). What is the remainder when 15 is divided by 1 - (4 - a) - -6?
0
Suppose -2*y = 3*a - 7, -2*a + 18 = -4*y + 8*y. Calculate the remainder when (-1)/(5*(-9)/5040) is divided by y.
2
Suppose 14*k = 23*k + 6075. What is the remainder when 33 is divided by k/(-105) + 4/7?
5
Suppose 2*n - 5993 = h, -36*h = -3*n - 40*h + 8995. Calculate the remainder when n is divided by 100.
97
Suppose 16 = 4*l, -8*l + 6*l - 2702 = -5*x. Suppose 5*j - 307 = 2*k + x, 501 = 3*j - 4*k. Calculate the remainder when j is divided by 35.
31
Suppose 0 = 7*h - 4*c - 90, 7*h - 5*h - 45 = 5*c. What is the remainder when 1857 is divided by h?
7
Suppose -4*q + g + 1075 = -2169, -20 = -5*g. What is the remainder when q is divided by 269?
5
Let k = -245 - -448. Suppose 4*v = -2*n + 272, -k = -3*v + 4*n - 5*n. Calculate the remainder when v is divided by 29.
9
Suppose 42 = 344*v - 341*v. Let d = v + 37. What is the remainder when d is divided by 29?
22
Let i = 4 - 3. Calculate the remainder when (i - 1) + 79 - -1 is divided by 27.
26
Suppose -5*g - 21 = -131. What is the remainder when 253 is divided by g?
11
Suppose 0 = -6*s + 24*s - 54. What is the remainder when 117 is divided by ((-1 - 3) + s)*-24*1?
21
Suppose -1 = -4*b + n + 34, 0 = -b - 2*n + 20. Let p = -2703 - -2831. Calculate the remainder when p is divided by b.
8
Suppose 7*q - 320 = 940. Suppose -q = 29*v - 39*v. What is the remainder when 33 is divided by v?
15
Let p(x) = 3*x**3 + 3*x**2 - 9*x - 11. Let f be p(-4). What is the remainder when 101 is divided by 5*(f/(-5))/7?
16
Let f(u) = -7003*u**3 - 256*u - 255. Calculate the remainder when f(-1) is divided by 91.
88
Let i be (-2 - -44) + (-4 - 0). Suppose 3*b = b + i. Let f = b - -25. What is the remainder when f is divided by 16?
12
Let a = 374 + 98. Calculate the remainder when a is divided by 15.
7
Let z(o) = 521*o**2 + 17*o + 53. What is the remainder when z(-3) is divided by 102?
101
Let j = -61 - -87. Let s = j + 19. Let h(v) = 22*v + 1. What is the remainder when s is divided by h(1)?
22
Let x(z) = 2*z - 30. Let c be x(11). Calculate the remainder when 482 is divided by ((-1)/2)/((c + 6)/88).
20
Suppose 5538 + 8221 = 403*q - 3167. Suppose 0 = -0*v + 2*v - 30. What is the remainder when q is divided by v?
12
Calculate the remainder when 1128 is divided by 2082/24 - 7/(-28).
84
Suppose -3*d = s + 39, -34*d - 5 = -33*d + 3*s. Let x(a) be the first derivative of a**2 + 33*a - 1. Calculate the remainder when 8 is divided by x(d).
3
Let a(l) = -2*l**3 + 12*l**2 - 5*l + 61. Calculate the remainder when 294 is divided by a(6).
15
Let g be (-265)/(-4) + (-3 - 11/(-4)). Let k = -70 + g. What is the remainder when 512/20 - k/10 is divided by 9?
8
Let b = -1041 - -1046. Suppose -h = b*h - 612. Calculate the remainder when h is divided by 29.
15
Let b(f) = 9*f + 3*f + 12 + 8*f - 18*f. Suppose 4*d - 37 + 9 = 0. Calculate the remainder when b(6) is divided by d.
3
Let v(a) = 1368*a + 729. Calculate the remainder when v(1) is divided by 7.
4
Let c be 0 + (-4)/8 + 5/2. Let z(y) = 0*y**2 - 9*y + 28 - 10*y**c + 31*y**2 + y**3 - 15*y. Calculate the remainder when z(-22) is divided by 38.
34
Suppose 32*n + 35*n - 3375 = 42*n. What is the remainder when 1016 is divided by n?
71
Suppose 8*i - 4 = 9*i. Let r be 1*(i + 3)*8/4. What is the remainder when 68 is divided by (-72)/(-42)*(-21)/r?
14
Suppose 47*c + 32 = 45*c. Let y(g) = 5*g**2 + 70*g - 17. Calculate the remainder when y(c) is divided by 22.
11
Let q(x) = 6*x**2 + 2*x - 11. Let m(j) = -j**2 - 22*j + 19. Let n be 2295/(-99) - (-2)/11. Let w be m(n). What is the remainder when q(w) is divided by 8?
5
Suppose 15 = -7*y + 2*y, 3*y - 981 = -5*g. Suppose -145 = -7*u + 2*u. What is the remainder when g is divided by u?
24
Suppose 0 = -14*a + 10*a - 80. Let w(u) = -2*u**3 - u**2 + 2*u + 1. What is the remainder when ((-42)/(-7))/1 - a is divided by w(-2)?
8
Let l(j) = 4*j**2 - 17*j + 8. Let v be l(4). Suppose 4*t = -3*c + 672, -652 = -v*t + 4*c - 2*c. What is the remainder when t is divided by 21?
18
Suppose -1137*d + 1133*d - 164 = 0. Let w = 60 + d. Calculate the remainder when 31 is divided by w.
12
Let n = 128 + -83. Let l = 381879 - 381846. What is the remainder when n is divided by l?
12
Suppose -2209 - 2171 = -6*i. Suppose 452 = -4*l + 7*l + u, 0 = -5*l + 3*u + i. Calculate the remainder when l is divided by 8.
5
Suppose -5*k - 78 = -8*k. Let g = -26 + k. Suppose 0 = 2*w - g + 2, -o = 3*w - 15. What is the remainder when o is divided by 5?
3
Suppose -18*y + 325 = -161. What is the remainder when 134 is divided by y?
26
Suppose 7*f = 10*f - 12, -4*f = -5*p + 1039. Calculate the remainder when p is divided by 22.
13
Suppose -5*d + 280 = 5*b, 2*b + 952 = -3*d + 1114. Calculate the remainder when 731 is divided by d.
31
Let k = 9532 - 9468. Calculate the remainder when 188 is divided by k.
60
Let g(b) = -72